emainder when 34322 is divided by 4369?
3739
Calculate the remainder when 165639 is divided by 828.
39
What is the remainder when 3276759 is divided by 1392?
1383
Calculate the remainder when 17411 is divided by 1528.
603
Calculate the remainder when 85304 is divided by 2375.
2179
What is the remainder when 5253489 is divided by 5253452?
37
Calculate the remainder when 7307596 is divided by 913448.
12
What is the remainder when 4970950 is divided by 32920?
30
What is the remainder when 42586 is divided by 2801?
571
Calculate the remainder when 316339644 is divided by 1136.
1132
What is the remainder when 206800 is divided by 25847?
24
What is the remainder when 4947550 is divided by 1674?
880
Calculate the remainder when 20228 is divided by 1787.
571
What is the remainder when 62562 is divided by 3788?
1954
What is the remainder when 430902 is divided by 143629?
15
Calculate the remainder when 25914739 is divided by 125.
114
Calculate the remainder when 1011815 is divided by 1761.
1001
What is the remainder when 83339964 is divided by 269?
267
Calculate the remainder when 212930924 is divided by 146.
144
Calculate the remainder when 78270021 is divided by 283587.
9
What is the remainder when 759623 is divided by 1707?
8
What is the remainder when 163505 is divided by 1146?
773
Calculate the remainder when 548891 is divided by 127.
124
Calculate the remainder when 19950570 is divided by 151.
148
Calculate the remainder when 812739 is divided by 1034.
15
What is the remainder when 41489 is divided by 2110?
1399
What is the remainder when 100180039 is divided by 267861?
25
Calculate the remainder when 3640574 is divided by 158285.
19
Calculate the remainder when 4468497 is divided by 36.
33
What is the remainder when 521206 is divided by 173639?
289
Calculate the remainder when 4236251 is divided by 485.
261
Calculate the remainder when 11705 is divided by 2119.
1110
Calculate the remainder when 82412 is divided by 4068.
1052
Calculate the remainder when 399078 is divided by 502.
490
What is the remainder when 32329233 is divided by 443?
422
Calculate the remainder when 98844 is divided by 6147.
492
Calculate the remainder when 14487 is divided by 1329.
1197
Calculate the remainder when 422466 is divided by 211070.
326
Calculate the remainder when 1098697 is divided by 27440.
1097
Calculate the remainder when 209018897 is divided by 69672957.
26
What is the remainder when 4440062 is divided by 29?
17
Calculate the remainder when 365645 is divided by 441.
56
What is the remainder when 38726494 is divided by 166?
22
Calculate the remainder when 23033277 is divided by 7677740.
57
What is the remainder when 72003092 is divided by 2382?
2378
Calculate the remainder when 12569432 is divided by 448907.
36
What is the remainder when 68422 is divided by 16973?
530
Calculate the remainder when 9790560 is divided by 4895267.
26
Calculate the remainder when 22713526 is divided by 170.
166
What is the remainder when 65890 is divided by 14?
6
Calculate the remainder when 1050678 is divided by 177.
6
Calculate the remainder when 83772878 is divided by 15.
8
What is the remainder when 6422835 is divided by 4279?
56
Calculate the remainder when 587890 is divided by 4743.
4501
What is the remainder when 336251 is divided by 16172?
12811
Calculate the remainder when 4866164 is divided by 153.
152
Calculate the remainder when 3555336 is divided by 273487.
5
What is the remainder when 29586 is divided by 280?
186
What is the remainder when 4985377 is divided by 376?
369
What is the remainder when 429819 is divided by 3709?
3284
Calculate the remainder when 400212 is divided by 640.
212
What is the remainder when 293003 is divided by 36625?
3
Calculate the remainder when 1283785 is divided by 313.
172
Calculate the remainder when 8421630 is divided by 43.
37
Calculate the remainder when 42474 is divided by 363.
3
What is the remainder when 164232 is divided by 16341?
822
What is the remainder when 1127151 is divided by 374288?
4287
Calculate the remainder when 3807916 is divided by 900.
16
What is the remainder when 46833 is divided by 90?
33
What is the remainder when 391396 is divided by 378638?
12758
What is the remainder when 152013 is divided by 7958?
811
Calculate the remainder when 3125791 is divided by 863.
5
What is the remainder when 452846 is divided by 700?
646
Calculate the remainder when 4678221 is divided by 1559399.
24
Calculate the remainder when 10160773 is divided by 369.
358
Calculate the remainder when 72197143 is divided by 511.
508
Calculate the remainder when 819799 is divided by 21.
1
What is the remainder when 402367 is divided by 80260?
1067
Calculate the remainder when 2629601 is divided by 138399.
20
What is the remainder when 3203666 is divided by 209?
114
Calculate the remainder when 249752458 is divided by 544123.
1
What is the remainder when 165717 is divided by 10340?
277
Calculate the remainder when 74396 is divided by 1980.
1136
What is the remainder when 14349665 is divided by 780?
5
What is the remainder when 310250 is divided by 247?
18
What is the remainder when 28870337 is divided by 3304?
3289
Calculate the remainder when 101438 is divided by 4.
2
What is the remainder when 38258 is divided by 12583?
509
Calculate the remainder when 373251 is divided by 428.
35
What is the remainder when 3185623 is divided by 1810?
23
What is the remainder when 18205795 is divided by 3641158?
5
Calculate the remainder when 15302148 is divided by 2186002.
134
Calculate the remainder when 201880 is divided by 67276.
52
What is the remainder when 879278 is divided by 67626?
140
What is the remainder when 708988 is divided by 132?
16
What is the remainder when 1765657 is divided by 766?
27
Calculate the remainder when 766461 is divided by 17.
16
What is the remainder when 1268525 is divided by 3395?
2190
Calculate the remainder when 5017913 is divided by 7.
5
What is the remainder when 15123 is divided by 3?
0
Calculate the remainder when 62817528 is divided by 87.
48
Calculate the remainder when 3646196 is divided by 11219.
21
Calculate the remainder when 32594166 is divided by 1757.
59
What is the remainder when 267225 is divided by 255?
240
What is the remainder when 183594 is divided by 5293?
3632
Calculate the remainder when 1866443 is divided by 12.
11
What is the remainder when 805653 is divided by 295?
8
What is the remainder when 14699 is divided by 88?
3
What is the remainder when 27492 is divided by 9132?
96
Calculate the remainder when 1114493 is divided by 359.
157
Calculate the remainder when 9022025 is divided by 615.
590
What is the remainder when 1510860 is divided by 4737?
4494
Calculate the remainder when 300081 is divided by 385.
166
What is the remainder when 1681562 is divided by 2919?
218
What is the remainder when 8856942 is divided by 57?
54
Calculate the remainder when 33077 is divided by 2997.
110
What is the remainder when 433588179 is divided by 474?
471
What is the remainder when 67503151 is divided by 5625262?
7
Calculate the remainder when 4109541 is divided by 96.
69
Calculate the remainder when 17095002 is divided by 259015.
12
What is the remainder when 1767275 is divided by 64?
43
What is the remainder when 1406964 is divided by 90?
84
Calculate the remainder when 975714 is divided by 89.
7
What is the remainder when 53420083 is divided by 22?
13
Calculate the remainder when 50338 is divided by 465.
118
Calculate the remainder when 307013 is divided by 99.
14
Calculate the remainder when 323740079 is divided by 48.
47
What is the remainder when 2074583 is divided by 154?
49
Calculate the remainder when 439734 is divided by 4659.
1788
Calculate the remainder when 9610781 is divided by 321.
41
What is the remainder when 5166713 is divided by 576?
569
What is the remainder when 540188 is divided by 5?
3
What is the remainder when 733518 is divided by 244337?
507
Calculate the remainder when 560902 is divided by 186964.
10
What is the remainder when 22251201 is divided by 342?
339
Calculate the remainder when 14686146 is divided by 201178.
152
What is the remainder when 18177534 is divided by 616?
606
What is the remainder when 215101837 is divided by 1305?
1297
What is the remainder when 22086696 is divided by